se 9.
-4427
Convert c10 (base 16) to base 11.
2358
What is 85685 (base 9) in base 10?
56696
Convert 2707 (base 9) to base 14.
a52
304 (base 13) to base 16
1ff
What is -7a53 (base 12) in base 14?
-4d55
What is -13204 (base 5) in base 4?
-100132
What is -2524 (base 7) in base 16?
-3b5
79 (base 15) to base 3
11020
What is -626 (base 8) in base 3?
-120001
What is 44 (base 15) in base 10?
64
-a3 (base 11) to base 4
-1301
Convert 142443 (base 5) to base 7.
23326
What is 145012 (base 6) in base 10?
14048
-2a78 (base 12) to base 2
-1001101111100
12619 (base 12) to base 7
133053
What is -120021022 (base 3) in base 13?
-50b4
244 (base 16) to base 10
580
-1e9 (base 15) to base 8
-674
524 (base 11) to base 3
212101
What is -10a1 (base 15) in base 10?
-3526
59932 (base 10) to base 13
21382
-110120012 (base 3) to base 7
-35462
-444 (base 11) to base 16
-214
142432 (base 5) to base 16
1768
What is 142500 (base 7) in base 15?
817c
Convert -1ae (base 16) to base 14.
-22a
43451 (base 7) to base 13
4c3a
What is -11335 (base 7) in base 2?
-101101100101
What is 3c2a (base 15) in base 11?
9736
What is -11001 (base 4) in base 3?
-102220
Convert 40513 (base 7) to base 15.
2dc4
Convert 834 (base 11) to base 14.
51b
-418 (base 10) to base 13
-262
Convert ab5 (base 14) to base 16.
847
What is 32955 (base 10) in base 8?
100273
-134 (base 5) to base 10
-44
What is 1af8 (base 16) in base 9?
10421
What is -969 (base 14) in base 7?
-5262
-1110110100001 (base 2) to base 15
-23aa
What is 1c2 (base 14) in base 16?
16e
What is 3232 (base 5) in base 12?
30a
What is 5335 (base 13) in base 11?
8738
What is 877 (base 11) in base 15?
4a2
What is -1803 (base 9) in base 13?
-822
What is -14661 (base 9) in base 12?
-596a
-12110022 (base 3) to base 9
-5408
1304 (base 11) to base 3
2022220
What is 101010010001 (base 2) in base 14?
db3
216761 (base 8) to base 5
4320301
Convert -143101 (base 6) to base 8.
-32515
Convert 157 (base 12) to base 4.
3103
-301110 (base 4) to base 16
-c54
10100001111100 (base 2) to base 9
15185
22150 (base 6) to base 10
3090
-1705 (base 9) to base 10
-1301
What is 112 (base 9) in base 10?
92
Convert 88 (base 9) to base 14.
5a
What is 22120100 (base 3) in base 8?
14146
What is -22326 (base 10) in base 7?
-122043
What is -101100111 (base 2) in base 10?
-359
Convert 863 (base 10) to base 7.
2342
Convert -827 (base 15) to base 12.
-1091
147b (base 15) to base 10
4391
26440 (base 8) to base 6
125252
-103434 (base 5) to base 16
-e23
What is 25233 (base 6) in base 10?
3765
What is -13068 (base 12) in base 11?
-18597
What is 4101 (base 12) in base 8?
15621
Convert 146 (base 15) to base 2.
100100011
Convert -2323 (base 4) to base 3.
-20221
What is -d067 (base 16) in base 11?
-370a1
1a88 (base 14) to base 8
11330
What is 16d0 (base 14) in base 16?
1006
-996 (base 15) to base 11
-169a
Convert -3085 (base 16) to base 15.
-3a31
What is 323 (base 15) in base 9?
866
What is 2588 (base 9) in base 13?
b66
10332 (base 4) to base 15
163
112022012 (base 3) to base 6
120135
-2000220 (base 3) to base 5
-21412
What is 2731 (base 9) in base 12?
1231
Convert -425 (base 16) to base 15.
-4ab
Convert 2961 (base 12) to base 15.
166a
4d5a (base 14) to base 5
413404
Convert 10010001 (base 3) to base 8.
4335
Convert -70a (base 11) to base 9.
-1152
What is 12121 (base 4) in base 7?
1123
-6e3 (base 16) to base 12
-102b
110c5 (base 13) to base 7
156100
Convert -20100021 (base 3) to base 2.
-1001000010000
629c (base 16) to base 6
312512
1001110110 (base 2) to base 11
523
What is 1001 (base 3) in base 14?
20
-401 (base 9) to base 2
-101000101
-64a (base 14) to base 2
-10011011010
What is 7b (base 14) in base 5?
414
What is -7003 (base 14) in base 12?
-b14b
Convert -a4 (base 11) to base 6.
-310
Convert -65 (base 7) to base 14.
-35
Convert -12724 (base 11) to base 16.
-4700
What is 2313023 (base 4) in base 16?
2dcb
Convert 12334 (base 5) to base 16.
3c9
Convert -1562 (base 10) to base 9.
-2125
-19987 (base 11) to base 13
-c86a
What is 693 (base 16) in base 7?
4623
Convert -233443 (base 5) to base 15.
-284d
-5c23 (base 16) to base 7
-125524
What is -617 (base 11) in base 5?
-10434
What is -b4ad (base 15) in base 11?
-26767
Convert 34526 (base 11) to base 13.
1991c
What is -30b62 (base 12) in base 16?
-f97a
What is -101101001 (base 2) in base 11?
-2a9
Convert -562 (base 10) to base 3.
-202211
Convert 1021 (base 4) to base 3.
2201
What is -227 (base 8) in base 3?
-12121
What is 242 (base 15) in base 8?
1000
Convert 3111 (base 4) to base 9.
256
Convert 1000011111110111 (base 2) to base 7.
203323
Convert -11021 (base 3) to base 4.
-1303
Convert -411 (base 6) to base 13.
-b8
Convert 12110 (base 4) to base 10.
404
What is -2ee (base 15) in base 9?
-828
What is -3ef (base 16) in base 12?
-6bb
-20d3 (base 14) to base 11
-4298
32650 (base 9) to base 16
54a8
What is -102140 (base 5) in base 4?
-311130
Convert -798 (base 15) to base 14.
-8aa
What is -741 (base 16) in base 15?
-83c
What is 1041 (base 10) in base 13?
621
Convert 1676 (base 10) to base 8.
3214
-1077 (base 11) to base 4
-112013
Convert -108f (base 16) to base 3.
-12211000
What is 3665 (base 8) in base 10?
1973
1231020 (base 4) to base 12
4060
What is -2340401 (base 5) in base 10?
-43226
-24004 (base 5) to base 12
-1022
Convert 339a (base 14) to base 7.
35053
What is 15055 (base 6) in base 14?
c43
Convert -a0db (base 15) to base 10.
-33956
Convert -16907 (base 11) to base 12.
-1188b
Convert 3103 (base 7) to base 9.
1431
Convert 2412440 (base 5) to base 12.
21a89
3400 (base 5) to base 12
337
102272 (base 8) to base 15
a103
13 (base 9) to base 11
11
What is -4244 (base 11) in base 15?
-19e4
What is -11033 (base 4) in base 13?
-1ca
What is 5731 (base 9) in base 2?
1000010010000
What is -c67 (base 14) in base 15?
-acd
What is -414 (base 9) in base 2?
-101010001
Convert -2303210 (base 4) to base 11.
-86a8
13212011 (base 4) to base 5
1443414
-29a5 (base 12) to base 14
-1ac5
Convert 125205 (base 6) to base 14.
42b3
What is -4a51 (base 16) in base 12?
-b015
What is 1140 (base 14) in base 4?
232310
Convert -111245 (base 6) to base 7.
-36242
What is 1117 (base 9) in base 15?
3a1
What is -13662 (base 7) in base 3?
-12011120
Convert -3ac (base 14) to base 15.
-345
Convert -1031311 (base 4) to base 14.
-1b5b
What is -32578 (base 10) in base 16?
-7f42
What is -825 (base 10) in base 4?
-30321
-22 (base 13) to base 9
-31
-10010101001010110 (base 2) to base 11
-52421
235 (base 11) to base 7
550
f1 (base 16) to base 12
181
-444 (base 8) to base 16
-124
125 (base 15) to base 14
148
101110100011 (base 2) to base 6
21443
2bab (base 13) to base 15
1d64
What is -122201 (base 3) in base 12?
-33a
4752 (base 11) to base 7
24105
Convert 1110123 (base 5) to base 3.
222122000
What is 1c29 (base 13) in base 15?
13e0
Convert -4a603 (base 11) to base 9.
-120530
What is 57467 (base 8) in base 3?
1020102210
Convert 1602 (base 7) to base 9.
780
Convert 4472 (base 11) to base 3.
22002001
Convert 13120 (base 5) to base 6.
4443
Convert 111100011010 (base 2) to base 6.
25522
-102135 (base 9) to base 3
-10002011012
What is 70a4 (base 12) in base 9?
17677
Convert -141555 (base 6) to base 13.
-6131
Convert -6eee (base 16) to base 12.
-14526
Convert 3809 (base 10) to base 5.
110214
What is -4391 (base 12) in base 13?
-3514
What is -150 (base 7) in base 16?
-54
Convert -133 (base 10) to base 12.
-b1
Convert -20101020 (base 3) to base 13.
-2169
Convert 22063 (base 7) to base 5.
134113
Convert -13a00 (base 11) to base 9.
-30188
-24417 (base 9) to base 16
-3ffa
Convert 413 (base 12) to base 13.
366
What is -8452 (base 12) in base 14?
-53b0
-5854 (base 10) to base 8
-13336
Convert 22312 (base 4) to base 6.
3114
What is -856 (base 13) in base 10?
-1423
4 (base 5) to base 9
4
What is 43a0 (base 13) in base 15?
2bd5
What is -122022 (base 3) in base 15?
-212
74 (base 11) to base 8
121
What is -121516 (base 9) in base 14?
-1ca12
What is 215 (base 13) in base 5?
2411
-32211 (base 4) to base 8
-1645
583 (base 13) to base 14
4c0
What is 318 (base 10) in base 7?
633
-2204 (base 6) to base 2
-111111100
What is 8519 (base 10) in base 7?
33560
Convert -130566 (base 7) to base 6.
-304303
Convert -43 (base 8) to base 9.
-38
Convert -948 (base 16) to base 6.
-15000
-2055 (base 15) to base 4
-1222232
What is 2